y(t) = 14*t**2 - 2*t + 1. Let r(v) = 71*v**2 - 10*v + 5. Let p(g) = 2*r(g) - 11*y(g). Give p(1).
-11
Let s(b) = 5*b - 3. Let h be (-2)/6 - (-14)/6. Calculate s(h).
7
Let i = -3 - -4. Let y(d) = d - 3*d - i + 2. Suppose 2*z + 2 = z. Calculate y(z).
5
Let a(j) = -1 - 5*j**2 + 3*j**3 - 4*j + 0*j - 4*j**3. Suppose -7*f + 2*f = 0. Suppose 2*q - r + 4 = f, -5*q + 8 = -2*q - 5*r. Give a(q).
-1
Let o(b) = 2*b + 3. Let n = 15 - 11. Suppose 2*x - 3*p = -x + 3, n*p + 18 = -3*x. Let c be -2 - (-2)/x - 1. Determine o(c).
-5
Let l(x) = -x**2 + 3*x + 5. Let u be l(4). Let h(s) = -s + 2. Let a(p) = -10*p + 30. Let t(o) = a(o) - 15*h(o). What is t(u)?
5
Let p(o) = o**3 + 4*o**2 - o + 5. Let s = -1 - 3. What is p(s)?
9
Let x(j) = j**3 - 10*j**2 + 7*j + 13. Suppose 0 = 5*t + 5*k - 4 - 31, 5*k + 46 = 4*t. Determine x(t).
-5
Let l(h) = 4*h**2 - 9. Let o(d) = 5*d**2 + d - 10. Suppose 0 = -6*i + i + 10. Let s be i/(-9) + 112/18. Let k(f) = s*l(f) - 5*o(f). Calculate k(-5).
-4
Suppose 0*v + 2*v - 8 = 0. Let p(q) be the second derivative of -q**4/12 + q**3/2 - q**2/2 - 10*q. Give p(v).
-5
Let z(u) = u**2 - 2. Let w(b) = b**2 + 2*b - 8. Let g(h) = -w(h) + 2*z(h). Determine g(3).
7
Suppose -2*x - 7 = 5. Let b(q) = -q**2 - 5*q + 6. Calculate b(x).
0
Let l(d) = -1. Let r(n) = -n - 1. Let p(y) = 2*l(y) + r(y). Give p(-3).
0
Let g(w) = -3*w + 1 + 7*w + 0*w. Suppose 0 = 6*r - r + 5. Determine g(r).
-3
Let r(m) be the second derivative of -7*m**4/12 - m**2/2 + 10*m. Suppose 0 = 4*p - 4*a, 0*a - a = -1. Give r(p).
-8
Let a be 0 - 1*-1*3. Let i(h) = 2*h**2 - 3 - 2*h**2 + h**2. Determine i(a).
6
Let x be 3*((-14)/(-6) + -3). Let u(g) = -11*g**3 + 6*g**2 - 17*g - 11. Let d(s) = -5*s**3 + 3*s**2 - 8*s - 5. Let o(k) = -13*d(k) + 6*u(k). Calculate o(x).
-9
Let l(j) = -j - 11. Let r be (-1)/(8/10 - 1). Let u(y) = y**3 - 6*y**2 + 2*y - 2. Let n be u(6). Let x = r - n. Calculate l(x).
-6
Let g(k) = k**2 + k. Let p(j) = 6*j**2 + j + 3 - 6 + 2. Let x(u) = 3*g(u) - p(u). Let b be (4 - 0) + 10/(-2). Determine x(b).
-4
Let g(u) = 0*u**3 + 1 - u**2 - 1 - u**3. Let b(h) = 7*h**3 + 11*h**2 + 3*h - 1. Let v(o) = -b(o) - 6*g(o). Determine v(-4).
-3
Let k be 2/3 + (-28)/6. Let f(j) = -4 + 3*j - 2*j**2 - 10*j - 1. Give f(k).
-9
Suppose -9 = -2*m - m. Suppose m*i - 3*j - 9 = 0, -2*i + 4*j + j = -15. Let b(h) = -h**3 + 6*h - h + 4 - 4*h. Give b(i).
4
Let f(l) = -l**2 + 8*l + 5. Let j be f(8). Suppose j*c + 1 - 12 = -2*v, 4*c - 10 = -2*v. Let s be c*(3 - 2)*-3. Let i(y) = -y + 3. Determine i(s).
6
Let q(t) be the first derivative of 7/3*t**3 + 4 - 1/4*t**4 - 4*t + 1/2*t**2. Determine q(7).
3
Let o(c) = -c**3 - 5*c**3 + 3 + 4*c - 5*c**2 + 0*c**2 + c**2. Let x(k) = 5*k**3 + 3*k**2 - 3*k - 2. Let h(l) = -6*o(l) - 7*x(l). What is h(-3)?
5
Let j(t) = t**3 + t**2 - t - 1. Let r = 90 - 90. Calculate j(r).
-1
Let o(y) = -y**2 - 4*y - 3. Suppose -4*z = m + 9, 5*z + 3*m + 3 = -10. Determine o(z).
1
Let o(f) = 4*f**3 + 3*f**2 - 3*f - 8. Let r(i) = -5*i**3 - 4*i**2 + 4*i + 8. Let n(j) = -4*o(j) - 3*r(j). Give n(0).
8
Let s(x) = -x**3 - 9*x**2 + x + 1. Let y(u) = u**3 + 8*u**2 - u - 1. Let o(h) = -6*s(h) - 7*y(h). Let d be o(1). Let m(p) = -9*p**3 + p**2 + p. Calculate m(d).
9
Let u(v) = -v**2 - 2*v - 4. Let m = 18 - 21. What is u(m)?
-7
Let y(i) be the first derivative of -i**3/3 + 3*i**2/2 - 3*i - 3. Suppose 5 = 2*t - a + 3, 5*a - 17 = t. Give y(t).
-3
Let m(d) = d**2 + d + d - 5 + 3. Suppose 0*f + 6 = 3*f. Let x be f*6/(-4) + -1. Calculate m(x).
6
Let a(w) = -5 - w + 21 - 14. Let f = 5 - 14. Let j = -4 - f. What is a(j)?
-3
Let d(t) = t**3 - 6. Suppose 0 = -7*x + 3*x. Suppose -3*i = -x*i. What is d(i)?
-6
Let k(c) = 22*c**3 - c**2 + c + 1. Let l = 47 + -48. Determine k(l).
-23
Let z(n) = n. Let w(r) = 7 - 17 + 7 + 7 - 6*r. Let g(a) = w(a) + 5*z(a). Give g(5).
-1
Suppose 0 = l + 2, l = -3*t + 3*l + 13. Let w(v) = v**3 - 4*v**2 + 3*v + 3. Calculate w(t).
3
Let l(h) = -6*h + 1. Suppose 5*o - 7 = -2*j, -4*j = o + j + 17. Calculate l(o).
-17
Let g(b) = -2*b + 7. Let o be g(5). Let z(l) = 3*l - 1. Let y be z(3). Let q(k) = k**3 + 3 - y*k + 0*k**2 + 4*k**2 + 10*k. Determine q(o).
6
Let c(r) = 0*r - 1 + 0 - 4 + r. Let q be -5*(-1)/(-2)*-2. Give c(q).
0
Suppose -5*t - 15 - 25 = 0. Let f(r) = -r**3 - 8*r**2 + r + 3. What is f(t)?
-5
Let l(n) = -n**2 - 6*n - 1. Suppose 12 = -3*v, -a + v - 1 = -9. Suppose a*p + p = 15. Suppose 10 = c - p*c. Determine l(c).
4
Let f(s) = -7 - s - s**3 + 0*s**3 - 3 - s**2. What is f(0)?
-10
Let q(m) be the first derivative of -1/2*m**2 + 1 - 1/3*m**3 - 3*m. Let b(p) be the first derivative of q(p). Determine b(-5).
9
Let x(h) = -20*h**2 - 6*h - 3. Let u(v) = -13*v**2 - 4*v - 2. Let a(i) = -8*u(i) + 5*x(i). Let r be 1/((-1)/(-2) + -1). Let z = r + 1. Give a(z).
3
Let y(c) = -c**3 - 3*c**2 - c. Let i(a) = -a**2. Let x(d) = 6*i(d) - y(d). Give x(3).
3
Let m(a) = -6*a**2 - a + 6 + 5*a - 9*a**3 + 10*a**3. What is m(5)?
1
Let y(j) = 21*j - 1. Let w(s) = 2*s - 7. Let k(v) = v - 1. Let m(r) = -14*k(r) + 2*w(r). Let t(l) = -7*m(l) - 3*y(l). Determine t(-2).
-11
Let f(a) = -a**2 - a + 9. Suppose 2*y - 3*t = 18, -5*y + 4*t + 61 = 2. Let d = 15 - y. What is f(d)?
9
Let w(x) = -2*x**3 - 12*x**2 - 17*x + 11. Let d(g) = g**3 + 6*g**2 + 8*g - 5. Let s(z) = 5*d(z) + 2*w(z). Determine s(-5).
-8
Suppose 0 = 5*q + 2*k - 3*k + 30, 4*q + 3*k = -43. Let m = q - -6. Let h(c) = 5*c**2 + c. Determine h(m).
4
Let q(z) = z**2 - 8*z + 1. Let c(m) = m**2 - 7*m. Let x(i) = 3*c(i) - 2*q(i). Let a be (-1)/(2/10)*-1 - 1. Give x(a).
-6
Let l(c) be the third derivative of -c**6/60 + c**5/12 - c**4/6 + 22*c**2. Calculate l(3).
-21
Suppose -3*l + 13 = -11. Let b be (-8)/12 + l/3. Let z(o) = -o + 5 - b*o + 4*o. What is z(-4)?
1
Let g(s) = 0 + 0 - 2*s + 0. Determine g(-1).
2
Suppose 0 = -2*o + 7 - 5. Let y(z) be the third derivative of z**5/30 + z**4/12 - z**3/6 - z**2. Determine y(o).
3
Let s(k) = 11*k**3 + k**2 - 2*k + 1. Let n = -139 - -140. Calculate s(n).
11
Let h(c) = 2*c**2 + c + 1. Suppose 4*o - 12 = 0, 0*g + o = -5*g - 7. Determine h(g).
7
Let j = -1 - -1. Let m(f) = -f**3 - f**2 - f + 5. Calculate m(j).
5
Let w(h) = 7 - 6 + 3 + h. Determine w(-7).
-3
Let b be 1/(1 - (1 + -1)). Let p(a) = a**3 + a**2 - 1. Let o(m) = -2*m**3 - 6*m**2 + m + 4. Let c(z) = b*o(z) + 3*p(z). Determine c(3).
4
Let j(b) be the first derivative of -3 + 6*b + 7/2*b**2 + 1/3*b**3. Give j(-7).
6
Let m(z) = 4*z - 1. Let c(u) = u**2 + 2*u - 16. Let h be c(0). Let o = h - -15. Calculate m(o).
-5
Suppose 5*p - 4*u = 49, -5*p = -0*p - 5*u - 50. Let a(j) = j**2 - 10*j - 3. Determine a(p).
-12
Let o(r) = r + 10. Let k be o(-7). Suppose -5 - k = -2*a. Let t(i) = i - 8. Calculate t(a).
-4
Let g(w) be the second derivative of 0 + 0*w**3 - 2*w - 7/2*w**2 + 1/12*w**4 - 1/20*w**5. Give g(0).
-7
Let y(f) = f + 4. Let v be -3*(-4)/6 - 0. Suppose 0 = -v*k + 6*k + 24. Determine y(k).
-2
Let o(s) = -2*s - 4. Suppose -t - 2*d + 4 = 0, -4*d = -2*t + 7*t - 26. Determine o(t).
-16
Let i(c) = 2*c - 3. Let z be i(3). Let d(n) = 4*n**2 - n**3 - n**2 - 2 + n + 3. Determine d(z).
4
Let q(w) be the first derivative of -w**4/12 - w**2/2 + 3*w - 1. Let k(j) be the first derivative of q(j). What is k(2)?
-5
Let p be -8*2*1/(-4). Suppose 0 = -5*l + p*l. Let v(r) = r - 4. What is v(l)?
-4
Let o(j) be the third derivative of 5*j**5/12 + j**4/24 + j**3/6 + 17*j**2. Calculate o(-1).
25
Let x be (-4 + -1)*(-3)/(-45)*-6. Let i(c) = c**3 + c**2 - 3*c + 2. Determine i(x).
8
Let j(a) be the third derivative of a**5/30 - a**4/24 + a**3/6 + 34*a**2. Suppose -y + 4*x = -4*y + 15, 0 = -5*y - 5*x + 20. What is j(y)?
2
Let w be (1/2)/(3/6). Let s(m) = -3 - 3*m**2 + 2 + m + 0. Calculate s(w).
-3
Let p(q) = 3*q + 3. Let l(c) = -c - 8. Let b be l(-8). Suppose -8 = 4*k - 5*u, b*u + 5*u = k + 17. Determine p(k).
12
Let b(s) = s + 8. Suppose 0*j - 3*p + 45 = -4*j, j = -3*p. Let r be b(j). Let n(z) = 3*z**2 + z + 1. What is n(r)?
3
Let u(q) = 5*q + 2. Let m(k) = k. Let g(n) = -4*m(n) + u(n). Give g(-5).
-3
Let w(q) = 26 + q**2 + 3*q + 0*q - 20. Calculate w(-4).
10
Let d(a) = -7*a + 15. Let n(r) = -4*r + 8. Let m(g) = 6*d(g) - 11*n(g). Let l(u) = -u**3 - 6*u**2 - 3*u + 7. Let b be l(-5). What is m(b)?
-4
Let t(b) be the first derivative of -3*b**2 + b**2 - 2*b + 2 + 3*b**2. Suppose -3*f = f + 8. Wha